{"id":2117,"date":"2020-02-17T17:02:32","date_gmt":"2020-02-17T16:02:32","guid":{"rendered":"https:\/\/www.lesjardinsducoq.com\/v2\/?page_id=2117"},"modified":"2020-02-22T10:31:44","modified_gmt":"2020-02-22T09:31:44","slug":"politique-de-confidentialite","status":"publish","type":"page","link":"https:\/\/www.lesjardinsducoq.com\/v2\/politique-de-confidentialite\/","title":{"rendered":"Politique de confidentialit\u00e9"},"content":{"rendered":"\n<h4 class=\"wp-block-heading\">Qui sommes-nous&nbsp;?<\/h4>\n\n\n\n<p class=\"has-text-color has-very-dark-gray-color\">La pr\u00e9sente politique de confidentialit\u00e9 d\u00e9finit et vous informe de la  mani\u00e8re dont Les Jardins du Coq utilisent et prot\u00e8gent les informations que vous nous transmettez, le cas \u00e9ch\u00e9ant, lorsque vous utilisez notre site accessible \u00e0 partir de l\u2019URL  : https:\/\/www.lesjardinsducoq.com<\/p>\n\n\n\n<h4 class=\"wp-block-heading\">Utilisation des donn\u00e9es personnelles collect\u00e9es<\/h4>\n\n\n\n<p class=\"has-text-color has-very-dark-gray-color\"> Il vous est possible de visiter le site des Jardins du Coq sans communiquer aucune information personnelle vous concernant et vous \u00eates en aucune mani\u00e8re oblig\u00e9  de transmettre ces informations aux Jardins du Coq.  N\u00e9anmoins, en cas de refus, il se peut que vous ne puissiez pas  b\u00e9n\u00e9ficier de certaines informations ou services que vous avez demand\u00e9.  <\/p>\n\n\n\n<h4 class=\"wp-block-heading\">Commentaires<\/h4>\n\n\n\n<p class=\"has-text-color has-very-dark-gray-color\">Nous n&rsquo;autorisons pas les commentaires sur notre site web.<\/p>\n\n\n\n<h4 class=\"wp-block-heading\">Cookies<\/h4>\n\n\n\n<p class=\"has-text-color has-very-dark-gray-color\">Lors de votre premi\u00e8re connexion sur le site web des Jardins du Coq, vous \u00eates avertis par un bandeau en bas de votre \u00e9cran que des informations relatives \u00e0 votre navigation sont susceptibles d\u2019\u00eatre enregistr\u00e9es dans des fichiers d\u00e9nomm\u00e9s \u00ab cookies \u00bb. Notre politique d\u2019utilisation des cookies vous permet de mieux comprendre les dispositions que nous mettons en \u0153uvre en mati\u00e8re de navigation sur  notre site web. Elle vous informe notamment sur l\u2019ensemble des cookies  pr\u00e9sents sur notre site web, leur finalit\u00e9 (partie 1) et vous donne la  marche \u00e0 suivre pour les param\u00e9trer (partie 2)<\/p>\n\n\n\n<p class=\"has-text-color has-very-dark-gray-color\"><strong>1. Informations g\u00e9n\u00e9rales sur les cookies pr\u00e9sents sur le site des Jardins du Coq<br> <\/strong><\/p>\n\n\n\n<p class=\"has-text-color has-very-dark-gray-color\">Les Jardins du Coq, en tant qu\u2019\u00e9diteur du pr\u00e9sent site web,  pourront proc\u00e9der \u00e0 l\u2019implantation d\u2019un cookie sur le disque dur de votre terminal (ordinateur, tablette, mobile etc.) afin de vous garantir  une navigation fluide et optimale sur notre site Internet.<\/p>\n\n\n\n<p class=\"has-text-color has-very-dark-gray-color\">Les \u00ab cookies \u00bb sont des petits fichiers qui nous permettent de reconna\u00eetre votre ordinateur, votre tablette ou votre mobile afin de personnaliser les  services que nous vous proposons.<\/p>\n\n\n\n<p class=\"has-text-color has-very-dark-gray-color\">Les informations recueillies par le biais des cookies ne permettent pas de vous identifier nominativement. Elles sont utilis\u00e9es exclusivement pour nos besoins propres afin d\u2019am\u00e9liorer l\u2019interactivit\u00e9 et la performance de notre site web et de vous adresser des contenus adapt\u00e9s \u00e0 vos centres d\u2019int\u00e9r\u00eats. Aucune de ces  informations ne fait l\u2019objet d\u2019une communication aupr\u00e8s de tiers sauf  lorsque&nbsp;les&nbsp;Jardins du Coq ont obtenu au pr\u00e9alable votre  consentement ou bien lorsque la divulgation de ces informations est  requise par la loi, sur ordre d\u2019un tribunal ou toute autorit\u00e9  administrative ou judiciaire habilit\u00e9e \u00e0 en conna\u00eetre.<\/p>\n\n\n\n<p class=\"has-text-color has-very-dark-gray-color\">En modifiant ou en publiant une publication, un cookie suppl\u00e9mentaire sera enregistr\u00e9 dans votre navigateur. Ce cookie ne comprend aucune donn\u00e9e personnelle. Il indique simplement l\u2019ID de la publication que vous venez de modifier. Il expire au bout d\u2019un jour.<\/p>\n\n\n\n<p class=\"has-text-color has-very-dark-gray-color\"><strong>2. Configuration de vos pr\u00e9f\u00e9rences sur les cookies<\/strong><\/p>\n\n\n\n<p class=\"has-text-color has-very-dark-gray-color\">Vous pouvez accepter ou refuser le d\u00e9p\u00f4t de cookies \u00e0 tout moment. Lors de votre premi\u00e8re connexion sur le site web des Jardins du Coq, une banni\u00e8re pr\u00e9sentant des informations relatives au d\u00e9p\u00f4t de cookies et de technologies similaires appara\u00eet en  bas de votre \u00e9cran. Cette banni\u00e8re vous avertit qu\u2019en poursuivant votre  navigation sur le site web des Jardins du Coq (en chargeant une nouvelle page ou en cliquant sur divers \u00e9l\u00e9ments du site par exemple),  vous acceptez le d\u00e9p\u00f4t de cookies sur votre terminal. Vous \u00eates \u00e9galement r\u00e9put\u00e9 avoir donn\u00e9 votre accord au d\u00e9p\u00f4t de cookies en  cliquant sur l\u2019ic\u00f4ne \u00ab ACCEPTER \u00bb \u00e0 droite de la banni\u00e8re figurant en  bas de votre \u00e9cran. Selon le type de cookie en cause, le recueil de votre consentement au d\u00e9p\u00f4t et \u00e0 la lecture de cookies sur votre terminal peut \u00eatre imp\u00e9ratif.<\/p>\n\n\n\n<p class=\"has-text-color has-very-dark-gray-color\">1. Les cookies exempt\u00e9s de consentement<\/p>\n\n\n\n<p class=\"has-text-color has-very-dark-gray-color\">Conform\u00e9ment aux recommandations de la Commission Nationale de  l\u2019Informatique et des Libert\u00e9s (CNIL), certains cookies sont dispens\u00e9s  du recueil pr\u00e9alable de votre consentement dans la mesure o\u00f9 ils sont  strictement n\u00e9cessaires au fonctionnement du site internet ou ont pour  finalit\u00e9 exclusive de permettre ou faciliter la communication par voie  \u00e9lectronique. Il s\u2019agit notamment des cookies d\u2019identifiant de session,  d\u2019authentification, de session d\u2019\u00e9quilibrage de charge ainsi que des  cookies de personnalisation de votre interface. Ces cookies sont int\u00e9gralement soumis \u00e0 la pr\u00e9sente politique dans la mesure o\u00f9 ils sont \u00e9mis et g\u00e9r\u00e9s par les Jardins du Coq.<\/p>\n\n\n\n<p class=\"has-text-color has-very-dark-gray-color\">2. Les cookies n\u00e9cessitant le recueil pr\u00e9alable de votre consentement<\/p>\n\n\n\n<p class=\"has-text-color has-very-dark-gray-color\">Cette exigence concerne les cookies \u00e9mis par des tiers et qui sont qualifi\u00e9s de \u00ab persistants \u00bb dans la mesure o\u00f9 ils demeurent dans votre terminal jusqu\u2019\u00e0 leur effacement ou leur date d\u2019expiration.<\/p>\n\n\n\n<p class=\"has-text-color has-very-dark-gray-color\">De tels cookies \u00e9tant \u00e9mis par des tiers, leur utilisation et leur  d\u00e9p\u00f4t sont soumis \u00e0 leurs propres politiques de confidentialit\u00e9 dont  vous trouverez un lien ci-dessous. Cette famille de cookie regroupe les cookies de mesure d\u2019audience (notamment Google Analytics), les cookies publicitaires (auxquels&nbsp;les&nbsp;Jardins du Coq n\u2019ont pas recours)  ainsi que les cookies de partage de r\u00e9seaux sociaux (notamment de Facebook, YouTube et Twitter).<\/p>\n\n\n\n<p class=\"has-text-color has-very-dark-gray-color\">Les cookies de mesure d\u2019audience \u00e9tablissent des statistiques  concernant la fr\u00e9quentation et l\u2019utilisation de divers \u00e9l\u00e9ments du site  web (comme les contenus\/pages que vous avez visit\u00e9). Ces donn\u00e9es  participent \u00e0 l\u2019am\u00e9lioration de l\u2019ergonomie du site web des Jardins du Coq. Un outil de mesure d\u2019audience est utilis\u00e9 sur le pr\u00e9sent site internet :<\/p>\n\n\n\n<p class=\"has-text-color has-very-dark-gray-color\">Google Analytics, dont vous pouvez consulter la politique en mati\u00e8re de cookies en cliquant sur le lien suivant :&nbsp;<a href=\"https:\/\/policies.google.com\/technologies\/cookies?hl=fr&nbsp;&nbsp;\" target=\"_blank\" rel=\"noreferrer noopener\">https:\/\/policies.google.com\/technologies\/cookies?hl=fr&nbsp;&nbsp;<\/a><\/p>\n\n\n\n<p class=\"has-text-color has-very-dark-gray-color\">Les cookies de partage des r\u00e9seaux sociaux sont \u00e9mis et g\u00e9r\u00e9s par  l\u2019\u00e9diteur du r\u00e9seau social concern\u00e9. Sous r\u00e9serve de votre consentement,  ces cookies vous permettent de partager facilement une partie du contenu publi\u00e9 sur le site des Jardins du Coq, par l\u2019interm\u00e9diaire d\u2019un \u00ab bouton \u00bb de partage selon le r\u00e9seau social concern\u00e9. Deux types de cookies de partage des r\u00e9seaux sociaux  sont pr\u00e9sents sur le site des&nbsp;Jardins du Coq :<\/p>\n\n\n\n<p class=\"has-text-color has-very-dark-gray-color\"><strong>Facebook<\/strong>, dont vous pouvez consulter la politique en mati\u00e8re de cookies en cliquant sur le lien suivant : <a href=\"https:\/\/fr-fr.facebook.com\/policies\/cookies\/\">https:\/\/fr-fr.facebook.com\/policies\/cookies\/<\/a><\/p>\n\n\n\n<p class=\"has-text-color has-very-dark-gray-color\"><strong>Twitter<\/strong>, dont vous trouverez les options d\u00e9di\u00e9es au contr\u00f4le  ou \u00e0 la restriction de l\u2019utilisation des cookies ainsi que la politique  d\u2019utilisation des cookies : <a href=\"https:\/\/support.twitter.com\/articles\/20170518\">https:\/\/support.twitter.com\/articles\/20170518#<\/a><\/p>\n\n\n\n<p class=\"has-text-color has-very-dark-gray-color\">&#8211; <strong>Vous disposez de diff\u00e9rents outils de param\u00e9trage des cookies<\/strong><\/p>\n\n\n\n<p class=\"has-text-color has-very-dark-gray-color\">La plupart des navigateurs Internet sont configur\u00e9s par d\u00e9faut de fa\u00e7on \u00e0 ce que le d\u00e9p\u00f4t de cookies soit autoris\u00e9. Votre navigateur vous  offre l\u2019opportunit\u00e9 de modifier ces param\u00e8tres standards afin que l\u2019ensemble des cookies soit rejet\u00e9 syst\u00e9matiquement ou bien afin qu\u2019une partie seulement des cookies soit accept\u00e9e ou refus\u00e9e en fonction de leur \u00e9metteur.<\/p>\n\n\n\n<p class=\"has-text-color has-very-dark-gray-color\">Nous vous informons que le refus du d\u00e9p\u00f4t de cookies sur votre terminal est susceptible d\u2019alt\u00e9rer votre exp\u00e9rience d\u2019utilisateur ainsi que votre acc\u00e8s \u00e0 certains services ou fonctionnalit\u00e9s du pr\u00e9sent site web. Le cas  \u00e9ch\u00e9ant,&nbsp;les&nbsp;Jardins du Coq d\u00e9clinent toute responsabilit\u00e9  concernant les cons\u00e9quences li\u00e9es \u00e0 la d\u00e9gradation de vos conditions de navigation qui interviennent en raison de votre choix de refuser, supprimer ou bloquer les cookies n\u00e9cessaires au fonctionnement du site.  Ces cons\u00e9quences ne sauraient constituer un dommage et vous ne pourrez  pr\u00e9tendre \u00e0 aucune indemnit\u00e9 de ce fait.<\/p>\n\n\n\n<p class=\"has-text-color has-very-dark-gray-color\">Votre navigateur vous permet \u00e9galement de supprimer les cookies \nexistants sur votre terminal ou encore de vous signaler lorsque de \nnouveaux cookies sont susceptibles d\u2019\u00eatre d\u00e9pos\u00e9s sur votre terminal. \nCes param\u00e8tres n\u2019ont pas d\u2019incidence sur votre navigation mais vous font\n perdre tout le b\u00e9n\u00e9fice apport\u00e9 par le cookie.<\/p>\n\n\n\n<p class=\"has-text-color has-very-dark-gray-color\">Trouvez ci-dessous les diff\u00e9rents outils \u00e0  votre disposition afin que vous puissiez param\u00e9trer les cookies d\u00e9pos\u00e9s sur votre terminal.<\/p>\n\n\n\n<p class=\"has-text-color has-very-dark-gray-color\">&#8211;<strong>Le param\u00e9trage de votre navigateur Internet<\/strong><\/p>\n\n\n\n<p class=\"has-text-color has-very-dark-gray-color\">Chaque navigateur Internet propose ses propres param\u00e8tres de gestion  des cookies. Pour savoir de quelle mani\u00e8re modifier vos pr\u00e9f\u00e9rences en  mati\u00e8re de cookies, vous trouverez ci-dessous les liens vers l\u2019aide  n\u00e9cessaire pour acc\u00e9der au menu de votre navigateur pr\u00e9vu \u00e0 cet effet :<\/p>\n\n\n\n<p class=\"has-text-color has-very-dark-gray-color\"><strong>Chrome<\/strong> : <a href=\"https:\/\/support.google.com\/chrome\/answer\/95647?hl=fr\">https:\/\/support.google.com\/chrome\/answer\/95647?hl=fr<\/a><\/p>\n\n\n\n<p class=\"has-text-color has-very-dark-gray-color\"><strong>Firefox<\/strong> : <a href=\"https:\/\/support.mozilla.org\/fr\/kb\/activer-desactiver-cookies\">https:\/\/support.mozilla.org\/fr\/kb\/activer-desactiver-cookies<\/a><\/p>\n\n\n\n<p class=\"has-text-color has-very-dark-gray-color\"><strong>Internet Explorer<\/strong> : <a href=\"https:\/\/support.microsoft.com\/fr-fr\/help\/17442\/windows-internet-explorer-delete-manage-cookies#ie=ie-11\">https:\/\/support.microsoft.com\/fr-fr\/help\/17442\/windows-internet-explorer-delete-manage-cookies#ie=ie-11<\/a><\/p>\n\n\n\n<p class=\"has-text-color has-very-dark-gray-color\"><strong>Opera<\/strong> : <a href=\"http:\/\/help.opera.com\/Windows\/10.20\/fr\/cookies.html\">http:\/\/help.opera.com\/Windows\/10.20\/fr\/cookies.html<\/a><\/p>\n\n\n\n<p class=\"has-text-color has-very-dark-gray-color\">Pour de plus amples informations concernant les outils de ma\u00eetrise \ndes cookies, vous pouvez consulter le site internet de la CNIL : <a href=\"https:\/\/www.cnil.fr\/fr\/cookies-les-outils-pour-les-maitriser\">https:\/\/www.cnil.fr\/fr\/cookies-les-outils-pour-les-maitriser<\/a>.<\/p>\n\n\n\n<p class=\"has-text-color has-very-dark-gray-color\"><strong>Pour toute interrogation ou demande compl\u00e9mentaire d\u2019informations  relative \u00e0 la pr\u00e9sente politique des cookies, merci de bien vouloir nous  contacter par courriel \u00e0 : lesjardinsducoq@orange.fr.<\/strong><\/p>\n","protected":false},"excerpt":{"rendered":"<p>Qui sommes-nous&nbsp;? La pr\u00e9sente politique de confidentialit\u00e9 d\u00e9finit et vous informe de la mani\u00e8re dont Les Jardins du Coq utilisent et prot\u00e8gent les informations que vous nous transmettez, le cas \u00e9ch\u00e9ant, lorsque vous utilisez notre site accessible \u00e0 partir de l\u2019URL : https:\/\/www.lesjardinsducoq.com Utilisation des donn\u00e9es personnelles collect\u00e9es Il vous est possible de visiter le&hellip;<a href=\"https:\/\/www.lesjardinsducoq.com\/v2\/politique-de-confidentialite\/\" class=\"more-link\">Continue reading <span class=\"screen-reader-text\">Politique de confidentialit\u00e9<\/span><\/a><\/p>\n","protected":false},"author":2,"featured_media":0,"parent":0,"menu_order":0,"comment_status":"closed","ping_status":"closed","template":"","meta":{"_acf_changed":false,"footnotes":""},"class_list":["post-2117","page","type-page","status-publish","hentry"],"acf":[],"_links":{"self":[{"href":"https:\/\/www.lesjardinsducoq.com\/v2\/wp-json\/wp\/v2\/pages\/2117","targetHints":{"allow":["GET"]}}],"collection":[{"href":"https:\/\/www.lesjardinsducoq.com\/v2\/wp-json\/wp\/v2\/pages"}],"about":[{"href":"https:\/\/www.lesjardinsducoq.com\/v2\/wp-json\/wp\/v2\/types\/page"}],"author":[{"embeddable":true,"href":"https:\/\/www.lesjardinsducoq.com\/v2\/wp-json\/wp\/v2\/users\/2"}],"replies":[{"embeddable":true,"href":"https:\/\/www.lesjardinsducoq.com\/v2\/wp-json\/wp\/v2\/comments?post=2117"}],"version-history":[{"count":14,"href":"https:\/\/www.lesjardinsducoq.com\/v2\/wp-json\/wp\/v2\/pages\/2117\/revisions"}],"predecessor-version":[{"id":2218,"href":"https:\/\/www.lesjardinsducoq.com\/v2\/wp-json\/wp\/v2\/pages\/2117\/revisions\/2218"}],"wp:attachment":[{"href":"https:\/\/www.lesjardinsducoq.com\/v2\/wp-json\/wp\/v2\/media?parent=2117"}],"curies":[{"name":"wp","href":"https:\/\/api.w.org\/{rel}","templated":true}]}}